e 2
0
Convert 0 (base 3) to base 6.
0
What is -2 (base 12) in base 2?
-10
What is -15 (base 12) in base 9?
-18
What is -21 (base 12) in base 4?
-121
Convert -2 (base 5) to base 13.
-2
Convert -2 (base 6) to base 13.
-2
Convert 0 (base 16) to base 6.
0
What is 30 (base 8) in base 5?
44
Convert 11001111 (base 2) to base 16.
cf
Convert 10000010 (base 2) to base 6.
334
Convert -551 (base 6) to base 5.
-1321
19 (base 16) to base 6
41
What is -1 (base 11) in base 7?
-1
Convert 4 (base 12) to base 14.
4
Convert -1010 (base 3) to base 11.
-28
What is -73 (base 11) in base 13?
-62
10 (base 8) to base 2
1000
What is 11101 (base 2) in base 11?
27
What is b2 (base 13) in base 14?
a5
What is -6 (base 11) in base 16?
-6
Convert 85 (base 14) to base 15.
7c
-11110110 (base 2) to base 13
-15c
-3 (base 10) to base 5
-3
Convert -57 (base 13) to base 9.
-80
What is 4 (base 9) in base 5?
4
What is 48 (base 12) in base 16?
38
What is -1 (base 6) in base 9?
-1
What is -223 (base 7) in base 15?
-7a
Convert -2 (base 8) to base 16.
-2
-55 (base 11) to base 16
-3c
What is -2 (base 6) in base 3?
-2
Convert 0 (base 4) to base 5.
0
Convert b (base 14) to base 6.
15
Convert -2 (base 4) to base 12.
-2
Convert 1221 (base 3) to base 5.
202
Convert 62 (base 9) to base 5.
211
-1b (base 13) to base 8
-30
-20 (base 4) to base 5
-13
What is 0 (base 9) in base 12?
0
Convert -110 (base 2) to base 7.
-6
What is -35 (base 12) in base 9?
-45
What is -a (base 13) in base 3?
-101
-1010001 (base 2) to base 11
-74
Convert -1 (base 4) to base 5.
-1
Convert -42 (base 7) to base 13.
-24
Convert -122 (base 8) to base 16.
-52
Convert 2 (base 4) to base 15.
2
What is -22202 (base 3) in base 13?
-152
What is -1 (base 13) in base 3?
-1
16 (base 7) to base 14
d
Convert -1b1 (base 12) to base 9.
-337
10111100 (base 2) to base 15
c8
Convert -1c (base 15) to base 10.
-27
Convert 29 (base 16) to base 7.
56
Convert 13 (base 6) to base 16.
9
Convert 104 (base 9) to base 8.
125
-27 (base 14) to base 12
-2b
What is -2 (base 12) in base 9?
-2
-4 (base 7) to base 3
-11
What is -19d (base 14) in base 3?
-110102
Convert 8 (base 15) to base 5.
13
What is 10 (base 6) in base 3?
20
Convert -10 (base 9) to base 6.
-13
What is 24 (base 8) in base 7?
26
0 (base 3) to base 14
0
Convert 3 (base 5) to base 16.
3
Convert 50 (base 6) to base 8.
36
-3 (base 12) to base 14
-3
-2 (base 13) to base 4
-2
Convert 3 (base 15) to base 4.
3
0 (base 5) to base 13
0
-136 (base 10) to base 6
-344
-61 (base 11) to base 7
-124
Convert 1 (base 16) to base 14.
1
Convert -2 (base 14) to base 9.
-2
221 (base 5) to base 8
75
Convert -311 (base 4) to base 2.
-110101
Convert 3 (base 15) to base 3.
10
Convert 0 (base 8) to base 10.
0
What is -2c (base 13) in base 8?
-46
What is -220 (base 8) in base 12?
-100
-37 (base 15) to base 14
-3a
Convert -6 (base 8) to base 5.
-11
What is 7e (base 15) in base 16?
77
6 (base 7) to base 16
6
Convert 0 (base 11) to base 8.
0
Convert 3 (base 6) to base 5.
3
0 (base 7) to base 12
0
Convert -32 (base 4) to base 16.
-e
-4 (base 7) to base 8
-4
What is -12 (base 13) in base 8?
-17
What is -131 (base 5) in base 15?
-2b
What is 78 (base 10) in base 13?
60
What is 33 (base 11) in base 4?
210
What is -110 (base 7) in base 11?
-51
What is -4 (base 6) in base 10?
-4
What is 16 (base 15) in base 3?
210
What is -15 (base 7) in base 12?
-10
What is 0 (base 10) in base 2?
0
-10 (base 8) to base 13
-8
6 (base 14) to base 7
6
What is -11 (base 14) in base 6?
-23
Convert -2 (base 6) to base 9.
-2
56 (base 11) to base 8
75
What is -10 (base 11) in base 4?
-23
What is 2 (base 16) in base 15?
2
134 (base 6) to base 11
53
-12 (base 4) to base 13
-6
Convert -61 (base 9) to base 3.
-2001
What is -3 (base 9) in base 5?
-3
What is 10101 (base 2) in base 3?
210
2 (base 7) to base 3
2
What is -10 (base 10) in base 5?
-20
Convert 27 (base 8) to base 10.
23
Convert 122 (base 8) to base 15.
57
Convert 2 (base 12) to base 15.
2
Convert -2 (base 11) to base 8.
-2
Convert -1442 (base 5) to base 4.
-3313
What is -1a (base 13) in base 4?
-113
Convert -9a (base 12) to base 5.
-433
What is 156 (base 16) in base 11?
291
What is 54 (base 9) in base 12?
41
-1 (base 6) to base 15
-1
Convert 22 (base 3) to base 2.
1000
Convert 0 (base 9) to base 11.
0
What is -14 (base 10) in base 4?
-32
Convert -67 (base 12) to base 6.
-211
-254 (base 8) to base 15
-b7
Convert -6 (base 15) to base 6.
-10
Convert -4 (base 16) to base 13.
-4
Convert b (base 12) to base 14.
b
What is -4 (base 14) in base 12?
-4
-2b (base 12) to base 8
-43
What is -70 (base 8) in base 10?
-56
-156 (base 9) to base 8
-204
What is -11 (base 4) in base 11?
-5
Convert -11 (base 2) to base 11.
-3
Convert 0 (base 8) to base 7.
0
What is 0 (base 4) in base 2?
0
Convert -8 (base 12) to base 8.
-10
What is -1410 (base 5) in base 16?
-e6
What is 11211 (base 3) in base 15?
8a
4 (base 15) to base 9
4
What is -210 (base 4) in base 9?
-40
-356 (base 7) to base 5
-1223
Convert 2 (base 10) to base 8.
2
-24 (base 8) to base 10
-20
Convert 413 (base 6) to base 3.
12200
What is 103 (base 7) in base 11?
48
340 (base 6) to base 12
b0
What is 258 (base 11) in base 4?
10301
Convert 0 (base 15) to base 9.
0
Convert 1 (base 6) to base 13.
1
Convert 1 (base 13) to base 3.
1
What is -14 (base 5) in base 10?
-9
6 (base 10) to base 9
6
Convert -2 (base 8) to base 7.
-2
What is -20220 (base 3) in base 13?
-114
What is -6 (base 14) in base 8?
-6
Convert -200 (base 3) to base 5.
-33
Convert 25 (base 8) to base 6.
33
What is -4 (base 5) in base 3?
-11
Convert 4e (base 16) to base 10.
78
1 (base 16) to base 12
1
Convert -14 (base 6) to base 4.
-22
-42 (base 9) to base 16
-26
Convert 101 (base 12) to base 4.
2101
5 (base 8) to base 13
5
What is 82 (base 9) in base 11?
68
10100010 (base 2) to base 6
430
Convert -11 (base 14) to base 15.
-10
Convert -212 (base 5) to base 9.
-63
Convert -2 (base 12) to base 4.
-2
-3b (base 15) to base 14
-40
Convert 9d (base 16) to base 13.
c1
Convert 1212 (base 5) to base 11.
156
Convert 0 (base 9) to base 15.
0
-28 (base 10) to base 7
-40
Convert -ce (base 15) to base 10.
-194
Convert 13 (base 15) to base 8.
22
1a (base 11) to base 7
30
Convert -11 (base 6) to base 11.
-7
What is -136 (base 7) in base 12?
-64
Convert 24 (base 5) to base 15.
e
Convert 101 (base 2) to base 4.
11
Convert -125 (base 6) to base 2.
-110101
What is 3 (base 6) in base 10?
3
What is -2 (base 14) in base 12?
-2
Convert -32 (base 6) to base 12.
-18
What is 60 (base 8) in base 2?
110000
What is -81 (base 13) in base 12?
-89
131 (base 12) to base 5
1211
Convert -2 (base 3) to base 11.
-2
What is 4 (base 13) in base 9?
4
Convert -15 (base 14) to base 13.
-16
What is -1 (base 10) in base 12?
-1
-7 (base 15) to base 2
-111
1 (base 3) to base 2
1
What is 21 (base 6) in base 11?
12
What is 27 (base 14) in base 13?
29
Convert -1 (base 13) to base 2.
-1
What is 1 (base 6) in base 11?
1
What is 22 (base 4) in base 14?
a
Convert 2 (base 5) to base 15.
2
Convert -2 (base 7) to base 5.
-2
Convert -b (base 12) to base 14.
-b
2 (base 15) to base 11
2
What is 7 (base 10) in base 9?
7
-60 (base 11) to base 2
-1000010
Convert 162 (base 11) to base 12.
139
20 (base 3) to base 4
12
Convert 0 (base 16) to base 4.
0
What is 6 (base 13) in base 6?
10
Convert 4 (base 7) to base 4.
10
What is -11 (base 7) in base 3?
-22
What is -2 (base 10) in base 12?
-2
What is 0 (base 11) in base 16?
0
Convert -17 (base 10) to base 6.
-25
Convert 30 (base 4) to base 3.
110
Convert 116 (base 9) to base 5.
341
-18 (base 12) to base 4
-110
Convert 1000 (base 2) to base 10.
8
What is 1d (base 15) in base 3?
1001
What is -26 (base 15) in base 16?
-24
What is -4 (base 15) in base 7?
-4
Convert -12 (base 4) to base 12.
-6
Convert 101011 (base 2) to base 7.
61
Convert -10 (base 2) to base 7.
-2
51 (base 15) to base 7
136
What is 31 (base 10) in base 8?
37
What is -10 (base 3) in base 9?
-3
Convert -1 (base 2) to base 11.
-1
What is -12 (base 6) in base 10?
-8
What is -223 (base 4) in base 15?
-2d
-4 (base 14) to base 15
-4
What is 10100 (base 2) in base 10?
20
-221 (base 3) to base 7
-34
Convert 20 (base 3) to base 12.
6
-3 (base 12) to base 3
-10
What is 3 (base 6) in base 13?
3
Convert -3 (base 4) to base 11.
-3
What is 47 (base 14) in base 2?
111111
Wh